{"id":122,"date":"2024-12-27T19:50:25","date_gmt":"2024-12-27T19:50:25","guid":{"rendered":"https:\/\/florenmieles.com.ar\/?page_id=122"},"modified":"2025-02-19T12:46:25","modified_gmt":"2025-02-19T15:46:25","slug":"portada","status":"publish","type":"page","link":"https:\/\/florenmieles.com.ar\/","title":{"rendered":"Portada"},"content":{"rendered":"<div class=\"wp-block-group is-layout-constrained wp-block-group-is-layout-constrained\"><div class=\"wp-block-columns is-layout-flex wp-container-core-columns-is-layout-1 wp-block-columns-is-layout-flex\"><div class=\"wp-block-column is-layout-flow wp-block-column-is-layout-flow\" style=\"flex-basis:100%\"><div class=\"wp-block-group is-layout-constrained wp-block-group-is-layout-constrained\"><div class=\"wp-block-group is-layout-constrained wp-block-group-is-layout-constrained\"><div class=\"foogallery foogallery-container foogallery-carousel foogallery-lightbox-none fg-carousel-hide-pagination fg-carousel fg-light fg-border-thin fg-shadow-outline fg-loading-bars fg-loaded-fade-in fg-caption-always fg-hover-fade fg-hover-zoom fg-ready\" id=\"foogallery-gallery-194\" data-foogallery=\"{&quot;item&quot;:{&quot;showCaptionTitle&quot;:true,&quot;showCaptionDescription&quot;:true},&quot;lazy&quot;:true,&quot;template&quot;:{&quot;maxItems&quot;:5,&quot;scale&quot;:0.11999999999999999555910790149937383830547332763671875,&quot;gutter&quot;:{&quot;min&quot;:-80,&quot;max&quot;:-40,&quot;unit&quot;:&quot;%&quot;},&quot;autoplay&quot;:{&quot;time&quot;:0,&quot;interaction&quot;:&quot;pause&quot;},&quot;centerOnClick&quot;:true}}\" >\r\n\t<button type=\"button\" class=\"fg-carousel-prev\"><\/button>\r\n\t<div class=\"fg-carousel-inner\">\r\n\t\t<div class=\"fg-carousel-center\"><\/div>\r\n\t\t<div class=\"fg-item fg-type-image fg-idle\"><figure class=\"fg-item-inner\"><a href=\"https:\/\/florenmieles.com.ar\/wp-content\/uploads\/2024\/12\/tiendacoronado.png\" target=\"_self\" data-caption-title=\"Variando el Local!\" data-attachment-id=\"130\" data-type=\"image\" class=\"fg-thumb\"><span class=\"fg-image-wrap\"><img fetchpriority=\"high\" decoding=\"async\" title=\"Variando el Local!\" width=\"500\" height=\"500\" class=\"skip-lazy fg-image\" data-src-fg=\"https:\/\/florenmieles.com.ar\/wp-content\/uploads\/cache\/2024\/12\/tiendacoronado\/1037304458.png\" src=\"data:image\/svg+xml,%3Csvg%20xmlns%3D%22http%3A%2F%2Fwww.w3.org%2F2000%2Fsvg%22%20width%3D%22500%22%20height%3D%22500%22%20viewBox%3D%220%200%20500%20500%22%3E%3C%2Fsvg%3E\" loading=\"eager\"><\/span><span class=\"fg-image-overlay\"><\/span><\/a><figcaption class=\"fg-caption\"><div class=\"fg-caption-inner\"><div class=\"fg-caption-title\">Variando el Local!<\/div><\/div><\/figcaption><\/figure><div class=\"fg-loader\"><\/div><\/div><div class=\"fg-item fg-type-iframe fg-idle\"><figure class=\"fg-item-inner\"><a href=\"https:\/\/florenmieles.com.ar\/?product=quebracho-blanco\" data-caption-title=\"Quebracho Blanco a la Luz del Dia!\" data-attachment-id=\"64\" data-type=\"iframe\" class=\"fg-thumb\"><span class=\"fg-image-wrap\"><img decoding=\"async\" title=\"Quebracho Blanco a la Luz del Dia!\" width=\"500\" height=\"500\" class=\"skip-lazy fg-image\" data-src-fg=\"https:\/\/florenmieles.com.ar\/wp-content\/uploads\/cache\/2024\/12\/quebracho-liquido-sol\/3835523289.jpg\" src=\"data:image\/svg+xml,%3Csvg%20xmlns%3D%22http%3A%2F%2Fwww.w3.org%2F2000%2Fsvg%22%20width%3D%22500%22%20height%3D%22500%22%20viewBox%3D%220%200%20500%20500%22%3E%3C%2Fsvg%3E\" loading=\"eager\"><\/span><span class=\"fg-image-overlay\"><\/span><\/a><figcaption class=\"fg-caption\"><div class=\"fg-caption-inner\"><div class=\"fg-caption-title\">Quebracho Blanco a la Luz del Dia!<\/div><\/div><\/figcaption><\/figure><div class=\"fg-loader\"><\/div><\/div><div class=\"fg-item fg-type-iframe fg-idle\"><figure class=\"fg-item-inner\"><a href=\"https:\/\/florenmieles.com.ar\/?product=jarilla\" data-caption-title=\"Jarilla al Tomando Sol\" data-attachment-id=\"50\" data-type=\"iframe\" class=\"fg-thumb\"><span class=\"fg-image-wrap\"><img decoding=\"async\" title=\"Jarilla al Tomando Sol\" width=\"500\" height=\"500\" class=\"skip-lazy fg-image\" data-src-fg=\"https:\/\/florenmieles.com.ar\/wp-content\/uploads\/cache\/2024\/12\/jarillasol\/2925036700.jpg\" src=\"data:image\/svg+xml,%3Csvg%20xmlns%3D%22http%3A%2F%2Fwww.w3.org%2F2000%2Fsvg%22%20width%3D%22500%22%20height%3D%22500%22%20viewBox%3D%220%200%20500%20500%22%3E%3C%2Fsvg%3E\" loading=\"eager\"><\/span><span class=\"fg-image-overlay\"><\/span><\/a><figcaption class=\"fg-caption\"><div class=\"fg-caption-inner\"><div class=\"fg-caption-title\">Jarilla al Tomando Sol<\/div><\/div><\/figcaption><\/figure><div class=\"fg-loader\"><\/div><\/div><div class=\"fg-item fg-type-iframe fg-idle\"><figure class=\"fg-item-inner\"><a href=\"https:\/\/florenmieles.com.ar\/?product=jarilla\" data-caption-title=\"Eucaliptus!\" data-attachment-id=\"45\" data-type=\"iframe\" class=\"fg-thumb\"><span class=\"fg-image-wrap\"><img decoding=\"async\" title=\"Eucaliptus!\" width=\"500\" height=\"500\" class=\"skip-lazy fg-image\" data-src-fg=\"https:\/\/florenmieles.com.ar\/wp-content\/uploads\/cache\/2024\/12\/eucaliptus_abierto\/4036856826.jpg\" src=\"data:image\/svg+xml,%3Csvg%20xmlns%3D%22http%3A%2F%2Fwww.w3.org%2F2000%2Fsvg%22%20width%3D%22500%22%20height%3D%22500%22%20viewBox%3D%220%200%20500%20500%22%3E%3C%2Fsvg%3E\" loading=\"eager\"><\/span><span class=\"fg-image-overlay\"><\/span><\/a><figcaption class=\"fg-caption\"><div class=\"fg-caption-inner\"><div class=\"fg-caption-title\">Eucaliptus!<\/div><\/div><\/figcaption><\/figure><div class=\"fg-loader\"><\/div><\/div><div class=\"fg-item fg-type-iframe fg-idle\"><figure class=\"fg-item-inner\"><a href=\"https:\/\/florenmieles.com.ar\/?product=acacia\" data-caption-title=\"Acacia\" data-attachment-id=\"24\" data-type=\"iframe\" class=\"fg-thumb\"><span class=\"fg-image-wrap\"><img decoding=\"async\" title=\"Acacia\" width=\"500\" height=\"500\" class=\"skip-lazy fg-image\" data-src-fg=\"https:\/\/florenmieles.com.ar\/wp-content\/uploads\/cache\/2024\/12\/acaciaLuz-e1739978709469\/1606099090.jpg\" src=\"data:image\/svg+xml,%3Csvg%20xmlns%3D%22http%3A%2F%2Fwww.w3.org%2F2000%2Fsvg%22%20width%3D%22500%22%20height%3D%22500%22%20viewBox%3D%220%200%20500%20500%22%3E%3C%2Fsvg%3E\" loading=\"eager\"><\/span><span class=\"fg-image-overlay\"><\/span><\/a><figcaption class=\"fg-caption\"><div class=\"fg-caption-inner\"><div class=\"fg-caption-title\">Acacia<\/div><\/div><\/figcaption><\/figure><div class=\"fg-loader\"><\/div><\/div><div class=\"fg-item fg-type-iframe fg-idle\"><figure class=\"fg-item-inner\"><a href=\"https:\/\/florenmieles.com.ar\/?product=exotica-limon\" data-caption-title=\"Exotica Limon!\" data-attachment-id=\"342\" data-type=\"iframe\" class=\"fg-thumb\"><span class=\"fg-image-wrap\"><img decoding=\"async\" title=\"Exotica Limon!\" width=\"500\" height=\"500\" class=\"skip-lazy fg-image\" data-src-fg=\"https:\/\/florenmieles.com.ar\/wp-content\/uploads\/cache\/2024\/12\/limon-duo-e1739976714213\/3422483346.jpg\" src=\"data:image\/svg+xml,%3Csvg%20xmlns%3D%22http%3A%2F%2Fwww.w3.org%2F2000%2Fsvg%22%20width%3D%22500%22%20height%3D%22500%22%20viewBox%3D%220%200%20500%20500%22%3E%3C%2Fsvg%3E\" loading=\"eager\"><\/span><span class=\"fg-image-overlay\"><\/span><\/a><figcaption class=\"fg-caption\"><div class=\"fg-caption-inner\"><div class=\"fg-caption-title\">Exotica Limon!<\/div><\/div><\/figcaption><\/figure><div class=\"fg-loader\"><\/div><\/div><div class=\"fg-item fg-type-iframe fg-idle\"><figure class=\"fg-item-inner\"><a href=\"https:\/\/florenmieles.com.ar\/?product=crema-miel\" data-caption-title=\"Crema Miel\" data-attachment-id=\"325\" data-type=\"iframe\" class=\"fg-thumb\"><span class=\"fg-image-wrap\"><img decoding=\"async\" title=\"Crema Miel\" width=\"500\" height=\"500\" class=\"skip-lazy fg-image\" data-src-fg=\"https:\/\/florenmieles.com.ar\/wp-content\/uploads\/cache\/2025\/01\/crema-miel-scaled\/83276737.jpg\" src=\"data:image\/svg+xml,%3Csvg%20xmlns%3D%22http%3A%2F%2Fwww.w3.org%2F2000%2Fsvg%22%20width%3D%22500%22%20height%3D%22500%22%20viewBox%3D%220%200%20500%20500%22%3E%3C%2Fsvg%3E\" loading=\"eager\"><\/span><span class=\"fg-image-overlay\"><\/span><\/a><figcaption class=\"fg-caption\"><div class=\"fg-caption-inner\"><div class=\"fg-caption-title\">Crema Miel<\/div><\/div><\/figcaption><\/figure><div class=\"fg-loader\"><\/div><\/div><div class=\"fg-item fg-type-iframe fg-idle\"><figure class=\"fg-item-inner\"><a href=\"https:\/\/florenmieles.com.ar\/?product=mistol\" data-caption-title=\"Mistol en Vidrio\" data-attachment-id=\"323\" data-type=\"iframe\" class=\"fg-thumb\"><span class=\"fg-image-wrap\"><img decoding=\"async\" title=\"Mistol en Vidrio\" width=\"500\" height=\"500\" class=\"skip-lazy fg-image\" data-src-fg=\"https:\/\/florenmieles.com.ar\/wp-content\/uploads\/cache\/2025\/02\/mistol-1-y-12-scaled\/2835535323.jpg\" src=\"data:image\/svg+xml,%3Csvg%20xmlns%3D%22http%3A%2F%2Fwww.w3.org%2F2000%2Fsvg%22%20width%3D%22500%22%20height%3D%22500%22%20viewBox%3D%220%200%20500%20500%22%3E%3C%2Fsvg%3E\" loading=\"eager\"><\/span><span class=\"fg-image-overlay\"><\/span><\/a><figcaption class=\"fg-caption\"><div class=\"fg-caption-inner\"><div class=\"fg-caption-title\">Mistol en Vidrio<\/div><\/div><\/figcaption><\/figure><div class=\"fg-loader\"><\/div><\/div><div class=\"fg-item fg-type-iframe fg-idle\"><figure class=\"fg-item-inner\"><a href=\"https:\/\/florenmieles.com.ar\/?product=mistol\" data-caption-title=\"Mistol en PVC\" data-attachment-id=\"332\" data-type=\"iframe\" class=\"fg-thumb\"><span class=\"fg-image-wrap\"><img decoding=\"async\" title=\"Mistol en PVC\" width=\"500\" height=\"500\" class=\"skip-lazy fg-image\" data-src-fg=\"https:\/\/florenmieles.com.ar\/wp-content\/uploads\/cache\/2024\/12\/mistol-pvc-kg-scaled\/665126280.jpg\" src=\"data:image\/svg+xml,%3Csvg%20xmlns%3D%22http%3A%2F%2Fwww.w3.org%2F2000%2Fsvg%22%20width%3D%22500%22%20height%3D%22500%22%20viewBox%3D%220%200%20500%20500%22%3E%3C%2Fsvg%3E\" loading=\"eager\"><\/span><span class=\"fg-image-overlay\"><\/span><\/a><figcaption class=\"fg-caption\"><div class=\"fg-caption-inner\"><div class=\"fg-caption-title\">Mistol en PVC<\/div><\/div><\/figcaption><\/figure><div class=\"fg-loader\"><\/div><\/div><div class=\"fg-item fg-type-iframe fg-idle\"><figure class=\"fg-item-inner\"><a href=\"https:\/\/florenmieles.com.ar\/?product=exotica-eucliptus\" data-caption-title=\"Eucaliptus\" data-attachment-id=\"329\" data-type=\"iframe\" class=\"fg-thumb\"><span class=\"fg-image-wrap\"><img decoding=\"async\" title=\"Eucaliptus\" width=\"500\" height=\"500\" class=\"skip-lazy fg-image\" data-src-fg=\"https:\/\/florenmieles.com.ar\/wp-content\/uploads\/cache\/2024\/12\/exotica-eucaliptus-mostrador-scaled\/266659672.jpg\" src=\"data:image\/svg+xml,%3Csvg%20xmlns%3D%22http%3A%2F%2Fwww.w3.org%2F2000%2Fsvg%22%20width%3D%22500%22%20height%3D%22500%22%20viewBox%3D%220%200%20500%20500%22%3E%3C%2Fsvg%3E\" loading=\"eager\"><\/span><span class=\"fg-image-overlay\"><\/span><\/a><figcaption class=\"fg-caption\"><div class=\"fg-caption-inner\"><div class=\"fg-caption-title\">Eucaliptus<\/div><\/div><\/figcaption><\/figure><div class=\"fg-loader\"><\/div><\/div><div class=\"fg-item fg-type-image fg-idle\"><figure class=\"fg-item-inner\"><a href=\"https:\/\/florenmieles.com.ar\/wp-content\/uploads\/2025\/01\/IMG_20250102_184344.jpg\" data-attachment-id=\"223\" data-type=\"image\" class=\"fg-thumb\"><span class=\"fg-image-wrap\"><img decoding=\"async\" width=\"500\" height=\"500\" class=\"skip-lazy fg-image\" data-src-fg=\"https:\/\/florenmieles.com.ar\/wp-content\/uploads\/cache\/2025\/01\/IMG_20250102_184344\/540163940.jpg\" src=\"data:image\/svg+xml,%3Csvg%20xmlns%3D%22http%3A%2F%2Fwww.w3.org%2F2000%2Fsvg%22%20width%3D%22500%22%20height%3D%22500%22%20viewBox%3D%220%200%20500%20500%22%3E%3C%2Fsvg%3E\" loading=\"eager\"><\/span><span class=\"fg-image-overlay\"><\/span><\/a><figcaption class=\"fg-caption\"><div class=\"fg-caption-inner\"><\/div><\/figcaption><\/figure><div class=\"fg-loader\"><\/div><\/div><div class=\"fg-item fg-type-image fg-idle\"><figure class=\"fg-item-inner\"><a href=\"https:\/\/florenmieles.com.ar\/wp-content\/uploads\/2025\/01\/IMG_20250102_185649.jpg\" data-attachment-id=\"202\" data-type=\"image\" class=\"fg-thumb\"><span class=\"fg-image-wrap\"><img decoding=\"async\" width=\"500\" height=\"500\" class=\"skip-lazy fg-image\" data-src-fg=\"https:\/\/florenmieles.com.ar\/wp-content\/uploads\/cache\/2025\/01\/IMG_20250102_185649\/3750209699.jpg\" src=\"data:image\/svg+xml,%3Csvg%20xmlns%3D%22http%3A%2F%2Fwww.w3.org%2F2000%2Fsvg%22%20width%3D%22500%22%20height%3D%22500%22%20viewBox%3D%220%200%20500%20500%22%3E%3C%2Fsvg%3E\" loading=\"eager\"><\/span><span class=\"fg-image-overlay\"><\/span><\/a><figcaption class=\"fg-caption\"><div class=\"fg-caption-inner\"><\/div><\/figcaption><\/figure><div class=\"fg-loader\"><\/div><\/div><div class=\"fg-item fg-type-image fg-idle\"><figure class=\"fg-item-inner\"><a href=\"https:\/\/florenmieles.com.ar\/wp-content\/uploads\/2025\/01\/IMG_20250102_185103.jpg\" data-attachment-id=\"213\" data-type=\"image\" class=\"fg-thumb\"><span class=\"fg-image-wrap\"><img decoding=\"async\" width=\"500\" height=\"500\" class=\"skip-lazy fg-image\" data-src-fg=\"https:\/\/florenmieles.com.ar\/wp-content\/uploads\/cache\/2025\/01\/IMG_20250102_185103\/435694816.jpg\" src=\"data:image\/svg+xml,%3Csvg%20xmlns%3D%22http%3A%2F%2Fwww.w3.org%2F2000%2Fsvg%22%20width%3D%22500%22%20height%3D%22500%22%20viewBox%3D%220%200%20500%20500%22%3E%3C%2Fsvg%3E\" loading=\"eager\"><\/span><span class=\"fg-image-overlay\"><\/span><\/a><figcaption class=\"fg-caption\"><div class=\"fg-caption-inner\"><\/div><\/figcaption><\/figure><div class=\"fg-loader\"><\/div><\/div>\t<\/div>\r\n\t<div class=\"fg-carousel-bottom\"><\/div>\r\n\t<div class=\"fg-carousel-progress\"><\/div>\r\n\t<button type=\"button\" class=\"fg-carousel-next\"><\/button>\r\n<\/div><\/div><\/div><\/div><\/div>\n\n<p><\/p><\/div><blockquote class=\"wp-block-quote is-layout-flow wp-block-quote-is-layout-flow\"><p><em><strong>Te traemos las mejores Mieles de Nuestra Querida Argentina<\/strong><\/em><\/p>\n\n<p><em><br><\/em>Descubre el sabor aut\u00e9ntico y \u00fanico de las mieles &#8220;El \u00c1rbol&#8221;, elaboradas con el amor y el compromiso de la naturaleza de San Marcos Sierras. Estas mieles no son solo un producto, son una experiencia sensorial que te conecta con los sabores puros de nuestras monta\u00f1as y valles.<\/p>\n\n<p>Cada variedad de miel de &#8220;El \u00c1rbol&#8221; es un reflejo de la diversidad floral de la regi\u00f3n, con opciones que van desde la suavidad de la miel multiflora, hasta la intensidad de las mieles monoflorales m\u00e1s exclusivas.<\/p>\n\n<p>Cada frasco de miel &#8220;El \u00c1rbol&#8221; es una joya natural, 100% pura y artesanal, libre de aditivos o conservantes. Ven y disfruta de la calidad que solo San Marcos Sierras puede ofrecerte, y lleva a tu hogar el sabor aut\u00e9ntico de nuestra tierra.<\/p>\n\n<p>\u00a1Siente la dulzura de la naturaleza en cada gota!<\/p>\n\n<p><em><br><\/em><strong><em>                   \u2003\u2003\u2003\u2003\u2003      Navega la Tienda y selecciona una multitud de sabores<\/em>.<\/strong><\/p>\n\n<div class=\"wp-block-columns is-layout-flex wp-container-core-columns-is-layout-2 wp-block-columns-is-layout-flex\"><div class=\"wp-block-column is-layout-flow wp-block-column-is-layout-flow\" style=\"flex-basis:33.33%\"><\/div>\n\n<div class=\"wp-block-column is-layout-flow wp-block-column-is-layout-flow\" style=\"flex-basis:66.66%\"><div class=\"wp-block-buttons is-layout-flex wp-block-buttons-is-layout-flex\"><div class=\"wp-block-button\"><a class=\"wp-block-button__link wp-element-button\" href=\"https:\/\/florenmieles.com.ar\/?post_type=product\">Ir a la Tienda!<\/a><\/div><\/div><\/div><\/div><\/blockquote>","protected":false},"excerpt":{"rendered":"","protected":false},"author":1,"featured_media":0,"parent":0,"menu_order":0,"comment_status":"closed","ping_status":"closed","template":"","meta":{"footnotes":""},"class_list":["post-122","page","type-page","status-publish","hentry"],"_links":{"self":[{"href":"https:\/\/florenmieles.com.ar\/index.php?rest_route=\/wp\/v2\/pages\/122"}],"collection":[{"href":"https:\/\/florenmieles.com.ar\/index.php?rest_route=\/wp\/v2\/pages"}],"about":[{"href":"https:\/\/florenmieles.com.ar\/index.php?rest_route=\/wp\/v2\/types\/page"}],"author":[{"embeddable":true,"href":"https:\/\/florenmieles.com.ar\/index.php?rest_route=\/wp\/v2\/users\/1"}],"replies":[{"embeddable":true,"href":"https:\/\/florenmieles.com.ar\/index.php?rest_route=%2Fwp%2Fv2%2Fcomments&post=122"}],"version-history":[{"count":34,"href":"https:\/\/florenmieles.com.ar\/index.php?rest_route=\/wp\/v2\/pages\/122\/revisions"}],"predecessor-version":[{"id":352,"href":"https:\/\/florenmieles.com.ar\/index.php?rest_route=\/wp\/v2\/pages\/122\/revisions\/352"}],"wp:attachment":[{"href":"https:\/\/florenmieles.com.ar\/index.php?rest_route=%2Fwp%2Fv2%2Fmedia&parent=122"}],"curies":[{"name":"wp","href":"https:\/\/api.w.org\/{rel}","templated":true}]}}