{"id":355,"date":"2025-02-21T02:38:44","date_gmt":"2025-02-21T05:38:44","guid":{"rendered":"https:\/\/florenmieles.com.ar\/?page_id=355"},"modified":"2025-02-21T02:44:11","modified_gmt":"2025-02-21T05:44:11","slug":"acerca-de","status":"publish","type":"page","link":"https:\/\/florenmieles.com.ar\/?page_id=355","title":{"rendered":"Acerca De"},"content":{"rendered":"<ul class=\"wp-block-list\"><li><strong>Miel de Mistol<\/strong>: Con un sabor dulce y floral, esta miel no solo es un deleite para el paladar, sino que tambi\u00e9n es reconocida por sus propiedades antibi\u00f3ticas naturales, que ayudan a fortalecer el sistema inmunol\u00f3gico y combatir infecciones.<\/li>\n\n<li><strong>Miel de Cha\u00f1ar<\/strong>: Un sabor intenso y profundo, ideal para aquellos que buscan una miel con car\u00e1cter. Adem\u00e1s, es perfecta para aliviar las v\u00edas respiratorias, gracias a sus propiedades que favorecen la salud pulmonar y facilitan la respiraci\u00f3n.<\/li>\n\n<li><strong>Miel de Algarrobo<\/strong>: Intensa y rica, con un sabor profundo y un toque a madera y caramelo. Esta miel es conocida por su efecto energizante, proporcionando vitalidad y resistencia durante todo el d\u00eda.<\/li>\n\n<li><strong>Miel de Quebracho Blanco<\/strong>: Con una dulzura sutil y un sabor robusto, esta miel es ideal para quienes buscan propiedades medicinales. Se destaca por su capacidad antifebril, ayudando a reducir la fiebre, y tambi\u00e9n por su efecto afrodis\u00edaco, estimulando el deseo y la vitalidad.<\/li>\n\n<li><strong>Miel de Quebracho Colorado<\/strong>: Una miel de sabor intenso y profundo, con toques ahumados. Es reconocida por sus propiedades relajantes, siendo un excelente calmante para los nervios y el estr\u00e9s, ideal para momentos de tensi\u00f3n o insomnio.<\/li>\n\n<li><strong>Miel de Lim\u00f3n<\/strong>: Equilibrada entre lo dulce y lo \u00e1cido, con un toque c\u00edtrico refrescante. Esta miel es una excelente fuente de vitamina C, fortaleciendo el sistema inmunol\u00f3gico y combatiendo los resfriados y gripes.<\/li>\n\n<li><strong>Miel de Eucaliptus<\/strong>: Con un sabor fresco y mentolado, esta miel destaca por sus propiedades broncodilatadoras, ayudando a despejar las v\u00edas respiratorias y favoreciendo una mejor respiraci\u00f3n, especialmente en \u00e9pocas de resfriados.<\/li>\n\n<li><strong>Miel de Jarilla<\/strong>: Suave y floral, ideal para quienes buscan un sabor delicado pero \u00fanico.<\/li>\n\n<li><strong>Miel de Acacia<\/strong>: Ligera y arom\u00e1tica, con una dulzura delicada que la convierte en una de las mieles m\u00e1s codiciadas.<\/li>\n\n<li><strong>Miel de Poleo<\/strong>: Con un ligero sabor mentolado, perfecta para aliviar la garganta o para disfrutar en una rica infusi\u00f3n.<\/li>\n\n<li><strong>Miel de Romero<\/strong>: Un sabor delicado, con una suavidad herbal que es perfecta para acompa\u00f1ar tus t\u00e9s o simplemente disfrutar a cucharadas.<\/li>\n\n<li><strong>Crema Miel<\/strong>: Su textura cremosa y su sabor suave la convierten en la opci\u00f3n ideal para untar sobre pan o acompa\u00f1ar postres.<\/li>\n\n<li><strong>Miel Multiflora<\/strong>: Una mezcla de diferentes flores aut\u00f3ctonas, con un sabor equilibrado que captura la esencia de la naturaleza pura de San Marcos Sierras.<\/li><\/ul><p><\/p>","protected":false},"excerpt":{"rendered":"","protected":false},"author":1,"featured_media":0,"parent":0,"menu_order":0,"comment_status":"closed","ping_status":"closed","template":"","meta":{"footnotes":""},"class_list":["post-355","page","type-page","status-publish","hentry"],"_links":{"self":[{"href":"https:\/\/florenmieles.com.ar\/index.php?rest_route=\/wp\/v2\/pages\/355"}],"collection":[{"href":"https:\/\/florenmieles.com.ar\/index.php?rest_route=\/wp\/v2\/pages"}],"about":[{"href":"https:\/\/florenmieles.com.ar\/index.php?rest_route=\/wp\/v2\/types\/page"}],"author":[{"embeddable":true,"href":"https:\/\/florenmieles.com.ar\/index.php?rest_route=\/wp\/v2\/users\/1"}],"replies":[{"embeddable":true,"href":"https:\/\/florenmieles.com.ar\/index.php?rest_route=%2Fwp%2Fv2%2Fcomments&post=355"}],"version-history":[{"count":2,"href":"https:\/\/florenmieles.com.ar\/index.php?rest_route=\/wp\/v2\/pages\/355\/revisions"}],"predecessor-version":[{"id":358,"href":"https:\/\/florenmieles.com.ar\/index.php?rest_route=\/wp\/v2\/pages\/355\/revisions\/358"}],"wp:attachment":[{"href":"https:\/\/florenmieles.com.ar\/index.php?rest_route=%2Fwp%2Fv2%2Fmedia&parent=355"}],"curies":[{"name":"wp","href":"https:\/\/api.w.org\/{rel}","templated":true}]}}