{"id":78,"date":"2024-12-26T22:01:29","date_gmt":"2024-12-27T01:01:29","guid":{"rendered":"https:\/\/florenmieles.com.ar\/?post_type=product&#038;p=78"},"modified":"2025-12-19T23:05:58","modified_gmt":"2025-12-20T02:05:58","slug":"chanar","status":"publish","type":"product","link":"https:\/\/florenmieles.com.ar\/?product=chanar","title":{"rendered":"Cha\u00f1ar"},"content":{"rendered":"<p>\u00a1Ah, el arrope de cha\u00f1ar! De los frutos del cha\u00f1ar. El \u00e1rbol que viste por todos lados en el monte cordob\u00e9s. Los frutos se cocinan a fuego lento, hasta que se hacen una miel espesa y oscura, con un sabor \u00fanico, medio agridulce.<br \/>\nEl resultado es un alm\u00edbar espeso, dorado, con esos frutitos que se vuelven casi caramelos, tiernitos y llenos de sabor. No solo un manjar, sino tambi\u00e9n una medicina casera: una cucharada y te alivia la garganta, te calma la tos y hasta te mejora el \u00e1nimo.<br \/>\nDisfrutalo en el desayuno, sobre una rodaja de pan casero, o acompa\u00f1ando un queso cremoso en la merienda. Tambi\u00e9n es perfecto para darle un toque especial a tus postres, como un flan o una torta. Llevate un pedacito de cultura cordobesa.<\/p>\n","protected":false},"excerpt":{"rendered":"<p>\u00a1Ah, el arrope de cha\u00f1ar! De los frutos del cha\u00f1ar. El \u00e1rbol que viste por todos lados en el monte cordob\u00e9s. Los frutos se cocinan a fuego lento, hasta que se hacen una miel espesa y oscura, con un sabor \u00fanico, medio agridulce. El resultado es un alm\u00edbar espeso, dorado, con esos frutitos que se [&hellip;]<\/p>\n","protected":false},"featured_media":32,"comment_status":"open","ping_status":"closed","template":"","meta":[],"product_cat":[17,29,28,26,25],"product_tag":[18],"class_list":{"0":"post-78","1":"product","2":"type-product","3":"status-publish","4":"has-post-thumbnail","6":"product_cat-mieles-el-arbol","7":"product_cat-05-kg","8":"product_cat-1-kg","9":"product_cat-envidrio","10":"product_cat-pvc","11":"product_tag-miel","12":"pa_envase-pvc","13":"pa_envase-vidrio","14":"pa_peso-1-kg","15":"pa_peso-1-2-kg","17":"first","18":"instock","19":"featured","20":"purchasable","21":"product-type-variable"},"_links":{"self":[{"href":"https:\/\/florenmieles.com.ar\/index.php?rest_route=\/wp\/v2\/product\/78"}],"collection":[{"href":"https:\/\/florenmieles.com.ar\/index.php?rest_route=\/wp\/v2\/product"}],"about":[{"href":"https:\/\/florenmieles.com.ar\/index.php?rest_route=\/wp\/v2\/types\/product"}],"replies":[{"embeddable":true,"href":"https:\/\/florenmieles.com.ar\/index.php?rest_route=%2Fwp%2Fv2%2Fcomments&post=78"}],"wp:featuredmedia":[{"embeddable":true,"href":"https:\/\/florenmieles.com.ar\/index.php?rest_route=\/wp\/v2\/media\/32"}],"wp:attachment":[{"href":"https:\/\/florenmieles.com.ar\/index.php?rest_route=%2Fwp%2Fv2%2Fmedia&parent=78"}],"wp:term":[{"taxonomy":"product_cat","embeddable":true,"href":"https:\/\/florenmieles.com.ar\/index.php?rest_route=%2Fwp%2Fv2%2Fproduct_cat&post=78"},{"taxonomy":"product_tag","embeddable":true,"href":"https:\/\/florenmieles.com.ar\/index.php?rest_route=%2Fwp%2Fv2%2Fproduct_tag&post=78"}],"curies":[{"name":"wp","href":"https:\/\/api.w.org\/{rel}","templated":true}]}}